--
-- Host: localhost    Database: patient_chat_portal
-- ------------------------------------------------------


--
-- Table structure for table `chatbot_info`
--

CREATE TABLE `chatbot_info` (
  `chat_id` int NOT NULL AUTO_INCREMENT,
  `email` varchar(200) CHARACTER SET utf8mb4 COLLATE utf8mb4_0900_ai_ci NOT NULL,
  `name` char(100) CHARACTER SET utf8mb4 COLLATE utf8mb4_0900_ai_ci NOT NULL,
  PRIMARY KEY (`chat_id`)
) ENGINE=InnoDB AUTO_INCREMENT=23 DEFAULT CHARSET=utf8mb4 COLLATE=utf8mb4_0900_ai_ci;

--
-- Dumping data for table `chatbot_info`
--

INSERT INTO `chatbot_info` VALUES (1,'tusharmore@smartdatainc.net','tushar'),(7,'rushikeshmargode@smartdatainc.net','Rushikesh'),(8,'tushare@smartdatainc.net','rushikesh'),(9,'re@smartdatainc.net',''),(10,'sidhant.motghare@smartdatainc.net','sidhant'),(11,'raghavsharma@smartdatainc.net','raghav'),(12,'kartik@win.com','Kartik'),(13,'gn@yopmail.com','Nigel Mansell'),(14,'kartikprashar@smartdatainc.net','kartik'),(15,'wk25@live.com','John Smith'),(16,'brian.kelly@patientportal.com','Brian kelly'),(17,'hinabazta1920@gmail.com','Hina'),(18,'as@yopmail.com','Amit Sharma'),(19,'ak@yopmail.com','Amit Sharma'),(20,'vinod@yopmail.com','Vinod Sharma'),(21,'samit.sdei@gmail.com','Nigel Mansell'),(22,'tushar@yopmail.com','Tushar More');

--
-- Table structure for table `doctor`
--

CREATE TABLE `doctor` (
  `doctor_id` int NOT NULL AUTO_INCREMENT,
  `first_name` char(50) CHARACTER SET utf8mb4 COLLATE utf8mb4_0900_ai_ci NOT NULL,
  `last_name` char(50) CHARACTER SET utf8mb4 COLLATE utf8mb4_0900_ai_ci NOT NULL,
  `address_one` varchar(100) CHARACTER SET utf8mb4 COLLATE utf8mb4_0900_ai_ci DEFAULT NULL,
  `address_two` varchar(100) CHARACTER SET utf8mb4 COLLATE utf8mb4_0900_ai_ci DEFAULT NULL,
  `zip_code` int DEFAULT NULL,
  `city` varchar(100) CHARACTER SET utf8mb4 COLLATE utf8mb4_0900_ai_ci DEFAULT NULL,
  `state` varchar(100) CHARACTER SET utf8mb4 COLLATE utf8mb4_0900_ai_ci DEFAULT NULL,
  PRIMARY KEY (`doctor_id`)
) ENGINE=InnoDB DEFAULT CHARSET=utf8mb4 COLLATE=utf8mb4_0900_ai_ci;

--
-- Dumping data for table `doctor`
--


--
-- Table structure for table `forms`
--

CREATE TABLE `forms` (
  `form_id` int NOT NULL AUTO_INCREMENT,
  `form_name` varchar(50) CHARACTER SET utf8mb4 COLLATE utf8mb4_0900_ai_ci NOT NULL,
  `form_description` varchar(200) CHARACTER SET utf8mb4 COLLATE utf8mb4_0900_ai_ci DEFAULT NULL,
  `create_date` date NOT NULL,
  `active_status` int NOT NULL,
  `update_date` date DEFAULT NULL,
  `delete_date` date DEFAULT NULL,
  `is_delete` int NOT NULL,
  PRIMARY KEY (`form_id`)
) ENGINE=InnoDB AUTO_INCREMENT=48 DEFAULT CHARSET=utf8mb4 COLLATE=utf8mb4_0900_ai_ci;

--
-- Dumping data for table `forms`
--

INSERT INTO `forms` VALUES (44,'General Survey','General Survey','2023-07-17',1,'2023-07-18',NULL,0),(45,'General Feedback','General Feedback','2023-07-17',1,'2023-07-18',NULL,0),(46,'General Information','General Information','2023-07-18',1,'2023-07-18',NULL,0),(47,'Surgery Information','Surgery Information','2023-07-18',1,NULL,NULL,0);

--
-- Table structure for table `login`
--

CREATE TABLE `login` (
  `user_id` varchar(100) CHARACTER SET utf8mb4 COLLATE utf8mb4_0900_ai_ci NOT NULL,
  `password` varchar(100) CHARACTER SET utf8mb4 COLLATE utf8mb4_0900_ai_ci NOT NULL,
  `email` varchar(100) DEFAULT NULL,
  `first_name` varchar(50) CHARACTER SET utf8mb4 COLLATE utf8mb4_0900_ai_ci DEFAULT NULL,
  `last_name` varchar(50) CHARACTER SET utf8mb4 COLLATE utf8mb4_0900_ai_ci DEFAULT NULL
) ENGINE=InnoDB DEFAULT CHARSET=utf8mb4 COLLATE=utf8mb4_0900_ai_ci;

--
-- Dumping data for table `login`
--

INSERT INTO `login` VALUES ('101','admin@123','sidhant.motghare@smartdatainc.net','sidhant','motghare'),('102','pass@123','kartikprashar@smartdatainc.net','kartik','prashar'),('103','pass@123','tusharmore@smartdatainc.net','Tushar','More');

--
-- Table structure for table `patient`
--

CREATE TABLE `patient` (
  `patient_id` int DEFAULT NULL,
  `first_name` varchar(100) CHARACTER SET utf8mb4 COLLATE utf8mb4_0900_ai_ci DEFAULT NULL,
  `middle_name` varchar(100) CHARACTER SET utf8mb4 COLLATE utf8mb4_0900_ai_ci DEFAULT NULL,
  `last_name` varchar(100) CHARACTER SET utf8mb4 COLLATE utf8mb4_0900_ai_ci DEFAULT NULL,
  `email` varchar(100) CHARACTER SET utf8mb4 COLLATE utf8mb4_0900_ai_ci DEFAULT NULL,
  `telephone` varchar(100) DEFAULT NULL,
  `address_one` varchar(100) CHARACTER SET utf8mb4 COLLATE utf8mb4_0900_ai_ci DEFAULT NULL,
  `address_two` varchar(100) CHARACTER SET utf8mb4 COLLATE utf8mb4_0900_ai_ci DEFAULT NULL,
  `zip_code` varchar(50) CHARACTER SET utf8mb4 COLLATE utf8mb4_0900_ai_ci DEFAULT NULL,
  `city` varchar(100) CHARACTER SET utf8mb4 COLLATE utf8mb4_0900_ai_ci DEFAULT NULL,
  `state` varchar(100) CHARACTER SET utf8mb4 COLLATE utf8mb4_0900_ai_ci DEFAULT NULL,
  `dob` date DEFAULT NULL,
  `ssn` varchar(100) CHARACTER SET utf8mb4 COLLATE utf8mb4_0900_ai_ci DEFAULT NULL,
  `gender` varchar(50) CHARACTER SET utf8mb4 COLLATE utf8mb4_0900_ai_ci DEFAULT NULL,
  `field_of_minor` varchar(50) DEFAULT NULL,
  `unique_identifier` varchar(100) CHARACTER SET utf8mb4 COLLATE utf8mb4_0900_ai_ci NOT NULL,
  `docter_first_name` varchar(45) DEFAULT NULL,
  `docter_last_name` varchar(45) DEFAULT NULL,
  `docter_address_one` varchar(45) DEFAULT NULL,
  `docter_address_two` varchar(45) DEFAULT NULL,
  `docter_zipcode` varchar(45) DEFAULT NULL,
  `docter_city` varchar(45) DEFAULT NULL,
  `docter_state` varchar(45) DEFAULT NULL,
  `currently_income` varchar(45) DEFAULT NULL,
  `currently_employed` varchar(45) DEFAULT NULL,
  `is_married` varchar(45) DEFAULT NULL,
  `household_peoples` varchar(45) DEFAULT NULL,
  `filed_tax_return` varchar(45) DEFAULT NULL,
  `us_citizen` varchar(45) DEFAULT NULL,
  `on_medicare` varchar(45) DEFAULT NULL,
  `is_disabled` varchar(45) DEFAULT NULL,
  `personal_income` varchar(45) DEFAULT NULL,
  `family_income` varchar(45) DEFAULT NULL,
  `monthly_salary` varchar(45) DEFAULT NULL,
  `monthly_unemployment_income` varchar(45) DEFAULT NULL,
  `monthly_pernsion_income` varchar(45) DEFAULT NULL,
  `monthly_annuity` varchar(45) DEFAULT NULL,
  `monthly_retirement_income` varchar(45) DEFAULT NULL,
  `monthly_disability_income` varchar(45) DEFAULT NULL,
  `notes` varchar(45) DEFAULT NULL,
  PRIMARY KEY (`unique_identifier`),
  KEY `fk_patient_1_idx` (`patient_id`),
  CONSTRAINT `fk_patient_1` FOREIGN KEY (`patient_id`) REFERENCES `chatbot_info` (`chat_id`)
) ENGINE=InnoDB DEFAULT CHARSET=utf8mb4 COLLATE=utf8mb4_0900_ai_ci;

--
-- Dumping data for table `patient`
--

INSERT INTO `patient` VALUES (10,NULL,NULL,NULL,NULL,NULL,NULL,NULL,NULL,NULL,NULL,NULL,NULL,NULL,NULL,'20230717164526878835',NULL,NULL,NULL,NULL,NULL,NULL,NULL,'Yes','Yes','Yes',NULL,NULL,NULL,NULL,NULL,NULL,NULL,NULL,NULL,NULL,NULL,NULL,NULL,NULL),(10,NULL,NULL,NULL,NULL,NULL,NULL,NULL,NULL,NULL,NULL,NULL,NULL,NULL,NULL,'20230717165015660112',NULL,NULL,NULL,NULL,NULL,NULL,NULL,'Yes','Yes','No','4',NULL,NULL,NULL,NULL,NULL,NULL,NULL,NULL,NULL,NULL,NULL,NULL,NULL),(13,NULL,NULL,NULL,NULL,NULL,NULL,NULL,NULL,NULL,NULL,NULL,NULL,NULL,NULL,'20230717165751013472',NULL,NULL,NULL,NULL,NULL,NULL,NULL,NULL,NULL,NULL,NULL,NULL,NULL,NULL,NULL,NULL,NULL,NULL,NULL,NULL,NULL,NULL,NULL,NULL),(13,NULL,NULL,NULL,NULL,NULL,NULL,NULL,NULL,NULL,NULL,NULL,NULL,NULL,NULL,'20230717165751227746',NULL,NULL,NULL,NULL,NULL,NULL,NULL,'Yes','No','No','5','Yes','No','Yes','No',NULL,NULL,NULL,NULL,NULL,NULL,NULL,NULL,NULL),(10,NULL,NULL,NULL,NULL,NULL,NULL,NULL,NULL,NULL,NULL,NULL,NULL,NULL,NULL,'20230718040716281924',NULL,NULL,NULL,NULL,NULL,NULL,NULL,'Yes','Yes','No','4','Yes','No','No','No',NULL,NULL,NULL,NULL,NULL,NULL,NULL,NULL,NULL),(14,NULL,NULL,NULL,NULL,NULL,NULL,NULL,NULL,NULL,NULL,NULL,NULL,NULL,NULL,'20230718040857649974',NULL,NULL,NULL,NULL,NULL,NULL,NULL,'Yes','Yes','No','4','No','Yes','No','No',NULL,NULL,NULL,NULL,NULL,NULL,NULL,NULL,NULL),(14,NULL,NULL,NULL,NULL,NULL,NULL,NULL,NULL,NULL,NULL,NULL,NULL,NULL,NULL,'20230718045236940393',NULL,NULL,NULL,NULL,NULL,NULL,NULL,'Yes','No','No','2','No','Yes','No','Yes','1200',NULL,NULL,NULL,NULL,NULL,NULL,NULL,NULL),(14,NULL,NULL,NULL,NULL,NULL,NULL,NULL,NULL,NULL,NULL,NULL,NULL,NULL,NULL,'20230718045958853043',NULL,NULL,NULL,NULL,NULL,NULL,NULL,'Yes','No','No','2','No','Yes','No','No','2012',NULL,NULL,NULL,NULL,NULL,NULL,NULL,NULL),(10,NULL,NULL,NULL,NULL,NULL,NULL,NULL,NULL,NULL,NULL,NULL,NULL,NULL,NULL,'20230718052118712429',NULL,NULL,NULL,NULL,NULL,NULL,NULL,'Yes','Yes','No','4','Yes','Yes','Yes','Yes',NULL,NULL,NULL,NULL,NULL,NULL,NULL,NULL,NULL),(14,NULL,NULL,NULL,NULL,NULL,NULL,NULL,NULL,NULL,NULL,NULL,NULL,NULL,NULL,'20230718052429288617',NULL,NULL,NULL,NULL,NULL,NULL,NULL,'Yes','No','No','0','No','Yes','No','No','2000',NULL,NULL,NULL,NULL,NULL,NULL,NULL,NULL),(10,NULL,NULL,NULL,NULL,NULL,NULL,NULL,NULL,NULL,NULL,NULL,NULL,NULL,NULL,'20230718052436534114',NULL,NULL,NULL,NULL,NULL,NULL,NULL,NULL,NULL,NULL,NULL,NULL,NULL,NULL,NULL,NULL,NULL,NULL,NULL,NULL,NULL,NULL,NULL,NULL),(14,NULL,NULL,NULL,NULL,NULL,NULL,NULL,NULL,NULL,NULL,NULL,NULL,NULL,NULL,'20230718052529818997',NULL,NULL,NULL,NULL,NULL,NULL,NULL,'Yes','No','No','2','Yes','No','No','No','2000','4000',NULL,NULL,NULL,NULL,NULL,NULL,NULL),(10,NULL,NULL,NULL,NULL,NULL,NULL,NULL,NULL,NULL,NULL,NULL,NULL,NULL,NULL,'20230718052711787136',NULL,NULL,NULL,NULL,NULL,NULL,NULL,NULL,NULL,NULL,NULL,NULL,NULL,NULL,NULL,NULL,NULL,NULL,NULL,NULL,NULL,NULL,NULL,NULL),(14,NULL,NULL,NULL,NULL,NULL,NULL,NULL,NULL,NULL,NULL,NULL,NULL,NULL,NULL,'20230718052713606054',NULL,NULL,NULL,NULL,NULL,NULL,NULL,'Yes','No','No','2','Yes','Yes','Yes','No',NULL,NULL,NULL,NULL,NULL,NULL,NULL,NULL,NULL),(10,NULL,NULL,NULL,NULL,NULL,NULL,NULL,NULL,NULL,NULL,NULL,NULL,NULL,NULL,'20230718052804864785',NULL,NULL,NULL,NULL,NULL,NULL,NULL,'Yes','Yes','Yes','4','Yes','Yes','Yes','Yes',NULL,NULL,NULL,NULL,NULL,NULL,NULL,NULL,NULL),(10,NULL,NULL,NULL,NULL,NULL,NULL,NULL,NULL,NULL,NULL,NULL,NULL,NULL,NULL,'20230718052951547259',NULL,NULL,NULL,NULL,NULL,NULL,NULL,'Yes','Yes','Yes','0','No','Yes','No','No',NULL,NULL,NULL,NULL,NULL,NULL,NULL,NULL,NULL),(10,NULL,NULL,NULL,NULL,NULL,NULL,NULL,NULL,NULL,NULL,NULL,NULL,NULL,NULL,'20230718053804947659',NULL,NULL,NULL,NULL,NULL,NULL,NULL,'Yes','Yes','Yes','5','Yes','Yes','Yes','Yes',NULL,NULL,NULL,NULL,NULL,NULL,NULL,NULL,NULL),(14,NULL,NULL,NULL,NULL,NULL,NULL,NULL,NULL,NULL,NULL,NULL,NULL,NULL,NULL,'20230718054224786819',NULL,NULL,NULL,NULL,NULL,NULL,NULL,NULL,NULL,NULL,NULL,NULL,NULL,NULL,NULL,NULL,NULL,NULL,NULL,NULL,NULL,NULL,NULL,NULL),(14,NULL,NULL,NULL,NULL,NULL,NULL,NULL,NULL,NULL,NULL,NULL,NULL,NULL,NULL,'20230718054224888715',NULL,NULL,NULL,NULL,NULL,NULL,NULL,'No',NULL,NULL,NULL,NULL,NULL,NULL,NULL,NULL,NULL,NULL,NULL,NULL,NULL,NULL,NULL,NULL),(14,NULL,NULL,NULL,NULL,NULL,NULL,NULL,NULL,NULL,NULL,NULL,NULL,NULL,NULL,'20230718054227663250',NULL,NULL,NULL,NULL,NULL,NULL,NULL,NULL,NULL,NULL,NULL,NULL,NULL,NULL,NULL,NULL,NULL,NULL,NULL,NULL,NULL,NULL,NULL,NULL),(14,NULL,NULL,NULL,NULL,NULL,NULL,NULL,NULL,NULL,NULL,NULL,NULL,NULL,NULL,'20230718054228157676',NULL,NULL,NULL,NULL,NULL,NULL,NULL,NULL,NULL,NULL,NULL,NULL,NULL,NULL,NULL,NULL,NULL,NULL,NULL,NULL,NULL,NULL,NULL,NULL),(14,NULL,NULL,NULL,NULL,NULL,NULL,NULL,NULL,NULL,NULL,NULL,NULL,NULL,NULL,'20230718054230717014',NULL,NULL,NULL,NULL,NULL,NULL,NULL,NULL,NULL,NULL,NULL,NULL,NULL,NULL,NULL,NULL,NULL,NULL,NULL,NULL,NULL,NULL,NULL,NULL),(14,NULL,NULL,NULL,NULL,NULL,NULL,NULL,NULL,NULL,NULL,NULL,NULL,NULL,NULL,'20230718054232586543',NULL,NULL,NULL,NULL,NULL,NULL,NULL,NULL,'Sí','No','5','No',NULL,NULL,NULL,NULL,NULL,NULL,NULL,NULL,NULL,NULL,NULL,NULL),(13,NULL,NULL,NULL,NULL,NULL,NULL,NULL,NULL,NULL,NULL,NULL,NULL,NULL,NULL,'20230718054321851521',NULL,NULL,NULL,NULL,NULL,NULL,NULL,'Yes','Yes','No','5','Yes','No','No','No',NULL,NULL,NULL,NULL,NULL,NULL,NULL,NULL,NULL),(14,NULL,NULL,NULL,NULL,NULL,NULL,NULL,NULL,NULL,NULL,NULL,NULL,NULL,NULL,'20230718061649931524',NULL,NULL,NULL,NULL,NULL,NULL,NULL,'Yes','No','3500','2','No','Yes','Yes','No',NULL,NULL,NULL,NULL,NULL,NULL,NULL,NULL,NULL),(14,NULL,NULL,NULL,NULL,NULL,NULL,NULL,NULL,NULL,NULL,NULL,NULL,NULL,NULL,'20230718062310542313',NULL,NULL,NULL,NULL,NULL,NULL,NULL,'Yes','No','Yes','1','Yes','Yes','Yes','Yes','1220','5000',NULL,NULL,NULL,NULL,NULL,NULL,NULL),(10,NULL,NULL,NULL,NULL,NULL,NULL,NULL,NULL,NULL,NULL,NULL,NULL,NULL,NULL,'20230718062437288128',NULL,NULL,NULL,NULL,NULL,NULL,NULL,'Yes','Yes','Yes',NULL,NULL,NULL,NULL,NULL,NULL,NULL,NULL,NULL,NULL,NULL,NULL,NULL,NULL),(14,NULL,NULL,NULL,NULL,NULL,NULL,NULL,NULL,NULL,NULL,NULL,NULL,NULL,NULL,'20230718062843388068',NULL,NULL,NULL,NULL,NULL,NULL,NULL,'No','Yes','No','5','No','Yes','Yes','Yes','5','125','0','0','1','1','1',NULL,NULL),(10,NULL,NULL,NULL,NULL,NULL,NULL,NULL,NULL,NULL,NULL,NULL,NULL,NULL,NULL,'20230718063226151066',NULL,NULL,NULL,NULL,NULL,NULL,NULL,'Yes','Yes','Yes','4','Yes','Yes','Yes','Yes',NULL,NULL,NULL,NULL,NULL,NULL,NULL,NULL,NULL),(14,NULL,NULL,NULL,NULL,NULL,NULL,NULL,NULL,NULL,NULL,NULL,NULL,NULL,NULL,'20230718064007280329',NULL,NULL,NULL,NULL,NULL,NULL,NULL,'Yes','No','Yes','4','Yes','No','Yes','No',NULL,NULL,NULL,NULL,NULL,NULL,NULL,NULL,NULL),(10,NULL,NULL,NULL,NULL,NULL,NULL,NULL,NULL,NULL,NULL,NULL,NULL,NULL,NULL,'20230718064358946780',NULL,NULL,NULL,NULL,NULL,NULL,NULL,'Yes','Yes','Yes','5','Yes','Yes','Yes','Yes',NULL,NULL,NULL,NULL,NULL,NULL,NULL,NULL,NULL),(10,NULL,NULL,NULL,NULL,NULL,NULL,NULL,NULL,NULL,NULL,NULL,NULL,NULL,NULL,'20230718064640169661',NULL,NULL,NULL,NULL,NULL,NULL,NULL,'Yes','Yes','Yes','4','Yes','Yes','Yes','Yes',NULL,NULL,NULL,NULL,NULL,NULL,NULL,NULL,NULL),(13,NULL,NULL,NULL,NULL,NULL,NULL,NULL,NULL,NULL,NULL,NULL,NULL,NULL,NULL,'20230718064927869245',NULL,NULL,NULL,NULL,NULL,NULL,NULL,'Yes','No','No','4','Yes','No','No','No',NULL,NULL,NULL,NULL,NULL,NULL,NULL,NULL,NULL),(10,NULL,NULL,NULL,NULL,NULL,NULL,NULL,NULL,NULL,NULL,NULL,NULL,NULL,NULL,'20230718065851687966',NULL,NULL,NULL,NULL,NULL,NULL,NULL,'Yes','Yes','Yes','4','Yes','Yes','Yes','Yes',NULL,NULL,NULL,NULL,NULL,NULL,NULL,NULL,NULL),(10,NULL,NULL,NULL,NULL,NULL,NULL,NULL,NULL,NULL,NULL,NULL,NULL,NULL,NULL,'20230718070002689074',NULL,NULL,NULL,NULL,NULL,NULL,NULL,'Yes','Yes','Yes','4','Yes','Yes','Yes','Yes',NULL,NULL,NULL,NULL,NULL,NULL,NULL,NULL,NULL),(10,NULL,NULL,NULL,NULL,NULL,NULL,NULL,NULL,NULL,NULL,NULL,NULL,NULL,NULL,'20230718070128089013',NULL,NULL,NULL,NULL,NULL,NULL,NULL,'Yes','Yes','Yes','3','Yes','Yes','Yes','Yes',NULL,NULL,NULL,NULL,NULL,NULL,NULL,NULL,NULL),(13,NULL,NULL,NULL,NULL,NULL,NULL,NULL,NULL,NULL,NULL,NULL,NULL,NULL,NULL,'20230718070402992536',NULL,NULL,NULL,NULL,NULL,NULL,NULL,'Yes','Yes','No','2','Yes','No','No','No',NULL,NULL,NULL,NULL,NULL,NULL,NULL,NULL,NULL),(10,NULL,NULL,NULL,NULL,NULL,NULL,NULL,NULL,NULL,NULL,NULL,NULL,NULL,NULL,'20230718070616373530',NULL,NULL,NULL,NULL,NULL,NULL,NULL,'Yes','Yes','Yes','4','Yes','Yes','Yes','Yes',NULL,NULL,NULL,NULL,NULL,NULL,NULL,NULL,NULL),(10,NULL,NULL,NULL,NULL,NULL,NULL,NULL,NULL,NULL,NULL,NULL,NULL,NULL,NULL,'20230718070653848326',NULL,NULL,NULL,NULL,NULL,NULL,NULL,'Yes','Yes','Yes','4','Yes','Yes','Yes','Yes',NULL,NULL,NULL,NULL,NULL,NULL,NULL,NULL,NULL),(14,NULL,NULL,NULL,NULL,NULL,NULL,NULL,NULL,NULL,NULL,NULL,NULL,NULL,NULL,'20230718070838335460',NULL,NULL,NULL,NULL,NULL,NULL,NULL,'Yes','No','Yes',NULL,NULL,NULL,NULL,NULL,NULL,NULL,NULL,NULL,NULL,NULL,NULL,NULL,NULL),(10,NULL,NULL,NULL,NULL,NULL,NULL,NULL,NULL,NULL,NULL,NULL,NULL,NULL,NULL,'20230718071100210740',NULL,NULL,NULL,NULL,NULL,NULL,NULL,'Yes','Yes','Yes','3','Yes','Yes','Yes','Yes',NULL,NULL,NULL,NULL,NULL,NULL,NULL,NULL,NULL),(10,NULL,NULL,NULL,NULL,NULL,NULL,NULL,NULL,NULL,NULL,NULL,NULL,NULL,NULL,'20230718071837833953',NULL,NULL,NULL,NULL,NULL,NULL,NULL,'Yes','Yes','Yes','4','Yes','Yes','Yes','Yes',NULL,NULL,NULL,NULL,NULL,NULL,NULL,NULL,NULL),(14,'kartik',NULL,'prashar','kprasha@nds.sdj',NULL,NULL,NULL,NULL,NULL,NULL,NULL,NULL,NULL,NULL,'20230718073148402254',NULL,NULL,NULL,NULL,NULL,NULL,NULL,'Yes','No','Yes','2','No','Yes','No','Yes','2000','5000','1200','120','21','0','0','0',NULL),(14,NULL,NULL,NULL,NULL,NULL,NULL,NULL,NULL,NULL,NULL,NULL,NULL,NULL,NULL,'20230718073719809226',NULL,NULL,NULL,NULL,NULL,NULL,NULL,'Yes','No','Yes','2','Yes','No','Yes','No',NULL,NULL,NULL,NULL,NULL,NULL,NULL,NULL,NULL),(14,'0',NULL,'prashar','kprashar440@gmail.com','785500077','block 33',NULL,NULL,NULL,NULL,NULL,NULL,NULL,NULL,'20230718073809626924',NULL,NULL,NULL,NULL,NULL,NULL,NULL,'Yes','No','No','7','No','Yes','Yes','No','3','2000','0','0','0','0','0','0',NULL),(14,'Kartik Prashar',NULL,'Prashar ','kprashar440@gmail.com','7880998445','dsf','kslf','7008054',NULL,NULL,NULL,NULL,NULL,NULL,'20230718074543667048',NULL,NULL,NULL,NULL,NULL,NULL,NULL,'Yes','No','Yes','8','No','Yes','Yes','No','2000','3000','120','120','1520','12','1220','120',NULL),(14,'Kart',NULL,'lad','kpea','900987454','as','fsd','sd','sd','ads','1999-10-08','789552255','Female',NULL,'20230718075146968095',NULL,NULL,NULL,NULL,NULL,NULL,NULL,'Yes','No','No','4','Yes','Yes','No','Yes','1550','12','15','12','12','115','12','11',NULL),(14,NULL,NULL,NULL,NULL,NULL,NULL,NULL,NULL,NULL,NULL,NULL,NULL,NULL,NULL,'20230718075656875131',NULL,NULL,NULL,NULL,NULL,NULL,NULL,'Yes','No','Yes','5','Yes','No','Yes','No',NULL,NULL,NULL,NULL,NULL,NULL,NULL,NULL,NULL),(14,'ds',NULL,'ada','asd','asd','ad','asd','ad','as','dsad','2222-08-10','asd','Male','Yes','20230718075716163418','Kadsd','sdsa','asd','asd','das','ad','das','Yes','No','Yes','2','Yes','No','Yes','No','12','1','1','1','1','11','1','1',NULL),(10,NULL,NULL,NULL,NULL,NULL,NULL,NULL,NULL,NULL,NULL,NULL,NULL,NULL,NULL,'20230718080940676953',NULL,NULL,NULL,NULL,NULL,NULL,NULL,'Yes','Yes','Yes','4','Yes','Yes','Yes','Yes',NULL,NULL,NULL,NULL,NULL,NULL,NULL,NULL,NULL),(10,NULL,NULL,NULL,NULL,NULL,NULL,NULL,NULL,NULL,NULL,NULL,NULL,NULL,NULL,'20230718081135656606',NULL,NULL,NULL,NULL,NULL,NULL,NULL,'Yes','Yes','No','10','No','No','No','No',NULL,NULL,NULL,NULL,NULL,NULL,NULL,NULL,NULL),(13,'amit',NULL,'sharma','samit@gmail.com','7355454120','mohali phase 6','140301','140301','mohali','punjab','1989-07-23','12346','Male','No','20230718081819813413','Rajan','kumar','mohali','140120','140301','mohali','punjab','Yes','Yes','No','5','Yes','No','Yes','Yes','1000','1000','1','1','1','1','1','1',NULL),(13,NULL,NULL,NULL,NULL,NULL,NULL,NULL,NULL,NULL,NULL,NULL,NULL,NULL,NULL,'20230718082237545410',NULL,NULL,NULL,NULL,NULL,NULL,NULL,'Yes','Yes','No','3','Yes','No','No','No',NULL,NULL,NULL,NULL,NULL,NULL,NULL,NULL,NULL),(10,NULL,NULL,NULL,NULL,NULL,NULL,NULL,NULL,NULL,NULL,NULL,NULL,NULL,NULL,'20230718082624697024',NULL,NULL,NULL,NULL,NULL,NULL,NULL,'Yes','Yes','Yes','3','Yes','Yes','Yes','Yes',NULL,NULL,NULL,NULL,NULL,NULL,NULL,NULL,NULL),(10,NULL,NULL,NULL,NULL,NULL,NULL,NULL,NULL,NULL,NULL,NULL,NULL,NULL,NULL,'20230718083047251519',NULL,NULL,NULL,NULL,NULL,NULL,NULL,'Yes','Yes','Yes','4','Yes','Yes','Yes','Yes',NULL,NULL,NULL,NULL,NULL,NULL,NULL,NULL,NULL),(10,NULL,NULL,NULL,NULL,NULL,NULL,NULL,NULL,NULL,NULL,NULL,NULL,NULL,NULL,'20230718083457166454',NULL,NULL,NULL,NULL,NULL,NULL,NULL,'Yes','Yes','Yes','10','Yes','Yes','Yes','Yes',NULL,NULL,NULL,NULL,NULL,NULL,NULL,NULL,NULL),(10,NULL,NULL,NULL,NULL,NULL,NULL,NULL,NULL,NULL,NULL,NULL,NULL,NULL,NULL,'20230718083856872490',NULL,NULL,NULL,NULL,NULL,NULL,NULL,'Yes','Yes','Yes','4','Yes','Yes','Yes','Yes',NULL,NULL,NULL,NULL,NULL,NULL,NULL,NULL,NULL),(10,NULL,NULL,NULL,NULL,NULL,NULL,NULL,NULL,NULL,NULL,NULL,NULL,NULL,NULL,'20230718084536969246',NULL,NULL,NULL,NULL,NULL,NULL,NULL,NULL,NULL,NULL,NULL,NULL,NULL,NULL,NULL,NULL,NULL,NULL,NULL,NULL,NULL,NULL,NULL,NULL),(10,NULL,NULL,NULL,NULL,NULL,NULL,NULL,NULL,NULL,NULL,NULL,NULL,NULL,NULL,'20230718084551696411',NULL,NULL,NULL,NULL,NULL,NULL,NULL,'Yes','Yes','Yes','4','Yes','Yes','Yes','Yes',NULL,NULL,NULL,NULL,NULL,NULL,NULL,NULL,NULL),(10,NULL,NULL,NULL,NULL,NULL,NULL,NULL,NULL,NULL,NULL,NULL,NULL,NULL,NULL,'20230718084718367652',NULL,NULL,NULL,NULL,NULL,NULL,NULL,'Yes','Yes','Yes','4','Yes','Yes','Yes','Yes',NULL,NULL,NULL,NULL,NULL,NULL,NULL,NULL,NULL),(10,NULL,NULL,NULL,NULL,NULL,NULL,NULL,NULL,NULL,NULL,NULL,NULL,NULL,NULL,'20230718084833175658',NULL,NULL,NULL,NULL,NULL,NULL,NULL,'Yes','Yes','Yes','3','Yes','Yes','Yes','Yes',NULL,NULL,NULL,NULL,NULL,NULL,NULL,NULL,NULL),(10,NULL,NULL,NULL,NULL,NULL,NULL,NULL,NULL,NULL,NULL,NULL,NULL,NULL,NULL,'20230718085048289302',NULL,NULL,NULL,NULL,NULL,NULL,NULL,NULL,NULL,NULL,NULL,NULL,NULL,NULL,NULL,NULL,NULL,NULL,NULL,NULL,NULL,NULL,NULL,NULL),(10,NULL,NULL,NULL,NULL,NULL,NULL,NULL,NULL,NULL,NULL,NULL,NULL,NULL,NULL,'20230718085050894956',NULL,NULL,NULL,NULL,NULL,NULL,NULL,NULL,NULL,NULL,NULL,NULL,NULL,NULL,NULL,NULL,NULL,NULL,NULL,NULL,NULL,NULL,NULL,NULL),(10,NULL,NULL,NULL,NULL,NULL,NULL,NULL,NULL,NULL,NULL,NULL,NULL,NULL,NULL,'20230718085055876595',NULL,NULL,NULL,NULL,NULL,NULL,NULL,'Yes','Yes','Yes','4','Yes','Yes','Yes','Yes',NULL,NULL,NULL,NULL,NULL,NULL,NULL,NULL,NULL),(10,NULL,NULL,NULL,NULL,NULL,NULL,NULL,NULL,NULL,NULL,NULL,NULL,NULL,NULL,'20230718085143589453',NULL,NULL,NULL,NULL,NULL,NULL,NULL,'Yes','Yes','Yes','5','Yes','Yes','Yes','Yes',NULL,NULL,NULL,NULL,NULL,NULL,NULL,NULL,NULL),(14,NULL,NULL,NULL,NULL,NULL,NULL,NULL,NULL,NULL,NULL,NULL,NULL,NULL,NULL,'20230718090137504081',NULL,NULL,NULL,NULL,NULL,NULL,NULL,'Yes','No','No','1',NULL,NULL,NULL,NULL,NULL,NULL,NULL,NULL,NULL,NULL,NULL,NULL,NULL),(14,NULL,NULL,NULL,NULL,NULL,NULL,NULL,NULL,NULL,NULL,NULL,NULL,NULL,NULL,'20230718090157880915',NULL,NULL,NULL,NULL,NULL,NULL,NULL,'Yes','Yes','Yes','1',NULL,NULL,NULL,NULL,NULL,NULL,NULL,NULL,NULL,NULL,NULL,NULL,NULL),(14,NULL,NULL,NULL,NULL,NULL,NULL,NULL,NULL,NULL,NULL,NULL,NULL,NULL,NULL,'20230718090830091132',NULL,NULL,NULL,NULL,NULL,NULL,NULL,NULL,NULL,NULL,NULL,NULL,NULL,NULL,NULL,NULL,NULL,NULL,NULL,NULL,NULL,NULL,NULL,NULL),(14,NULL,NULL,NULL,NULL,NULL,NULL,NULL,NULL,NULL,NULL,NULL,NULL,NULL,NULL,'20230718090833252274',NULL,NULL,NULL,NULL,NULL,NULL,NULL,'Sí',NULL,NULL,NULL,NULL,NULL,NULL,NULL,NULL,NULL,NULL,NULL,NULL,NULL,NULL,NULL,NULL),(10,NULL,NULL,NULL,NULL,NULL,NULL,NULL,NULL,NULL,NULL,NULL,NULL,NULL,NULL,'20230718090839737209',NULL,NULL,NULL,NULL,NULL,NULL,NULL,NULL,NULL,NULL,NULL,NULL,NULL,NULL,NULL,NULL,NULL,NULL,NULL,NULL,NULL,NULL,NULL,NULL),(10,NULL,NULL,NULL,NULL,NULL,NULL,NULL,NULL,NULL,NULL,NULL,NULL,NULL,NULL,'20230718090902963375',NULL,NULL,NULL,NULL,NULL,NULL,NULL,NULL,NULL,NULL,NULL,NULL,NULL,NULL,NULL,NULL,NULL,NULL,NULL,NULL,NULL,NULL,NULL,NULL),(14,NULL,NULL,NULL,NULL,NULL,NULL,NULL,NULL,NULL,NULL,NULL,NULL,NULL,NULL,'20230718090923178679',NULL,NULL,NULL,NULL,NULL,NULL,NULL,'Yes','No','No','5','No','Yes','No','No',NULL,NULL,NULL,NULL,NULL,NULL,NULL,NULL,NULL),(10,NULL,NULL,NULL,NULL,NULL,NULL,NULL,NULL,NULL,NULL,NULL,NULL,NULL,NULL,'20230718091231124244',NULL,NULL,NULL,NULL,NULL,NULL,NULL,'Yes','Yes','Yes',NULL,NULL,NULL,NULL,NULL,NULL,NULL,NULL,NULL,NULL,NULL,NULL,NULL,NULL),(10,NULL,NULL,NULL,NULL,NULL,NULL,NULL,NULL,NULL,NULL,NULL,NULL,NULL,NULL,'20230718091243203642',NULL,NULL,NULL,NULL,NULL,NULL,NULL,'Yes','Yes','Yes','4','Yes','Yes','Yes','Yes',NULL,NULL,NULL,NULL,NULL,NULL,NULL,NULL,NULL),(14,NULL,NULL,NULL,NULL,NULL,NULL,NULL,NULL,NULL,NULL,NULL,NULL,NULL,NULL,'20230718091321649979',NULL,NULL,NULL,NULL,NULL,NULL,NULL,'Yes','No','Yes','0','Yes','No',NULL,NULL,NULL,NULL,NULL,NULL,NULL,NULL,NULL,NULL,NULL),(10,NULL,NULL,NULL,NULL,NULL,NULL,NULL,NULL,NULL,NULL,NULL,NULL,NULL,NULL,'20230718091352867466',NULL,NULL,NULL,NULL,NULL,NULL,NULL,'Yes','Yes','Yes','4','Yes','Yes','Yes','Yes',NULL,NULL,NULL,NULL,NULL,NULL,NULL,NULL,NULL),(13,NULL,NULL,NULL,NULL,NULL,NULL,NULL,NULL,NULL,NULL,NULL,NULL,NULL,NULL,'20230718093009691236',NULL,NULL,NULL,NULL,NULL,NULL,NULL,NULL,NULL,NULL,NULL,NULL,NULL,NULL,NULL,NULL,NULL,NULL,NULL,NULL,NULL,NULL,NULL,NULL),(14,NULL,NULL,NULL,NULL,NULL,NULL,NULL,NULL,NULL,NULL,NULL,NULL,NULL,NULL,'20230718093352079668',NULL,NULL,NULL,NULL,NULL,NULL,NULL,'Yes','No','Yes','1',NULL,NULL,NULL,NULL,NULL,NULL,NULL,NULL,NULL,NULL,NULL,NULL,NULL),(14,NULL,NULL,NULL,NULL,NULL,NULL,NULL,NULL,NULL,NULL,NULL,NULL,NULL,NULL,'20230718093634829177',NULL,NULL,NULL,NULL,NULL,NULL,NULL,'Yes','No','Yes','1',NULL,NULL,NULL,NULL,NULL,NULL,NULL,NULL,NULL,NULL,NULL,NULL,NULL),(14,NULL,NULL,NULL,NULL,NULL,NULL,NULL,NULL,NULL,NULL,NULL,NULL,NULL,NULL,'20230718093747246774',NULL,NULL,NULL,NULL,NULL,NULL,NULL,'No','Yes','No',NULL,NULL,NULL,NULL,NULL,NULL,NULL,NULL,NULL,NULL,NULL,NULL,NULL,NULL),(14,NULL,NULL,NULL,NULL,NULL,NULL,NULL,NULL,NULL,NULL,NULL,NULL,NULL,NULL,'20230718093811182925',NULL,NULL,NULL,NULL,NULL,NULL,NULL,'Yes','Yes','Yes','1',NULL,NULL,NULL,NULL,NULL,NULL,NULL,NULL,NULL,NULL,NULL,NULL,NULL),(10,NULL,NULL,NULL,NULL,NULL,NULL,NULL,NULL,NULL,NULL,NULL,NULL,NULL,NULL,'20230718094211504150',NULL,NULL,NULL,NULL,NULL,NULL,NULL,'Yes','Yes','Yes','4','Yes','Yes','Yes','Yes',NULL,NULL,NULL,NULL,NULL,NULL,NULL,NULL,NULL),(14,NULL,NULL,NULL,NULL,NULL,NULL,NULL,NULL,NULL,NULL,NULL,NULL,NULL,NULL,'20230718094309617435',NULL,NULL,NULL,NULL,NULL,NULL,NULL,'Yes','Yes','Yes',NULL,NULL,NULL,NULL,NULL,NULL,NULL,NULL,NULL,NULL,NULL,NULL,NULL,NULL),(14,NULL,NULL,NULL,NULL,NULL,NULL,NULL,NULL,NULL,NULL,NULL,NULL,NULL,NULL,'20230718094309622740',NULL,NULL,NULL,NULL,NULL,NULL,NULL,NULL,NULL,NULL,NULL,NULL,NULL,NULL,NULL,NULL,NULL,NULL,NULL,NULL,NULL,NULL,NULL,NULL),(13,NULL,NULL,NULL,NULL,NULL,NULL,NULL,NULL,NULL,NULL,NULL,NULL,NULL,NULL,'20230718094353471044',NULL,NULL,NULL,NULL,NULL,NULL,NULL,NULL,NULL,NULL,NULL,NULL,NULL,NULL,NULL,NULL,NULL,NULL,NULL,NULL,NULL,NULL,NULL,NULL),(10,NULL,NULL,NULL,NULL,NULL,NULL,NULL,NULL,NULL,NULL,NULL,NULL,NULL,NULL,'20230718094548843796',NULL,NULL,NULL,NULL,NULL,NULL,NULL,'Yes','Yes','Yes',NULL,NULL,NULL,NULL,NULL,NULL,NULL,NULL,NULL,NULL,NULL,NULL,NULL,NULL),(10,NULL,NULL,NULL,NULL,NULL,NULL,NULL,NULL,NULL,NULL,NULL,NULL,NULL,NULL,'20230718094610221813',NULL,NULL,NULL,NULL,NULL,NULL,NULL,'Yes','Yes','Yes',NULL,NULL,NULL,NULL,NULL,NULL,NULL,NULL,NULL,NULL,NULL,NULL,NULL,NULL),(10,NULL,NULL,NULL,NULL,NULL,NULL,NULL,NULL,NULL,NULL,NULL,NULL,NULL,NULL,'20230718094644622350',NULL,NULL,NULL,NULL,NULL,NULL,NULL,'Yes','Yes','Yes','0','Yes','Yes','Yes','Yes',NULL,NULL,NULL,NULL,NULL,NULL,NULL,NULL,NULL),(10,NULL,NULL,NULL,NULL,NULL,NULL,NULL,NULL,NULL,NULL,NULL,NULL,NULL,NULL,'20230718094838611018',NULL,NULL,NULL,NULL,NULL,NULL,NULL,'Yes','Yes','Yes','4','Yes','Yes','Yes','Yes',NULL,NULL,NULL,NULL,NULL,NULL,NULL,NULL,NULL),(14,NULL,NULL,NULL,NULL,NULL,NULL,NULL,NULL,NULL,NULL,NULL,NULL,NULL,NULL,'20230718094845617602',NULL,NULL,NULL,NULL,NULL,NULL,NULL,'Yes','No','Yes','1',NULL,NULL,NULL,NULL,NULL,NULL,NULL,NULL,NULL,NULL,NULL,NULL,NULL),(14,NULL,NULL,NULL,NULL,NULL,NULL,NULL,NULL,NULL,NULL,NULL,NULL,NULL,NULL,'20230718095217174132',NULL,NULL,NULL,NULL,NULL,NULL,NULL,'Yes','Yes','Yes','2',NULL,NULL,NULL,NULL,NULL,NULL,NULL,NULL,NULL,NULL,NULL,NULL,NULL),(10,NULL,NULL,NULL,NULL,NULL,NULL,NULL,NULL,NULL,NULL,NULL,NULL,NULL,NULL,'20230718095713238176',NULL,NULL,NULL,NULL,NULL,NULL,NULL,NULL,NULL,NULL,NULL,NULL,NULL,NULL,NULL,NULL,NULL,NULL,NULL,NULL,NULL,NULL,NULL,NULL),(13,NULL,NULL,NULL,NULL,NULL,NULL,NULL,NULL,NULL,NULL,NULL,NULL,NULL,NULL,'20230718100114884184',NULL,NULL,NULL,NULL,NULL,NULL,NULL,'Yes',NULL,NULL,NULL,NULL,NULL,NULL,NULL,NULL,NULL,NULL,NULL,NULL,NULL,NULL,NULL,NULL),(10,NULL,NULL,NULL,NULL,NULL,NULL,NULL,NULL,NULL,NULL,NULL,NULL,NULL,NULL,'20230718101804302146',NULL,NULL,NULL,NULL,NULL,NULL,NULL,'Yes','Yes','Yes','4','Yes','Yes','Yes','Yes',NULL,NULL,NULL,NULL,NULL,NULL,NULL,NULL,NULL),(10,NULL,NULL,NULL,NULL,NULL,NULL,NULL,NULL,NULL,NULL,NULL,NULL,NULL,NULL,'20230718102032737960',NULL,NULL,NULL,NULL,NULL,NULL,NULL,'Yes','Yes','Yes','5','Yes','Yes','Yes','Yes',NULL,NULL,NULL,NULL,NULL,NULL,NULL,NULL,NULL),(10,NULL,NULL,NULL,NULL,NULL,NULL,NULL,NULL,NULL,NULL,NULL,NULL,NULL,NULL,'20230718102229783411',NULL,NULL,NULL,NULL,NULL,NULL,NULL,'Yes','Yes','Yes','6','Yes','Yes','Yes','Yes',NULL,NULL,NULL,NULL,NULL,NULL,NULL,NULL,NULL),(10,NULL,NULL,NULL,NULL,NULL,NULL,NULL,NULL,NULL,NULL,NULL,NULL,NULL,NULL,'20230718103042650087',NULL,NULL,NULL,NULL,NULL,NULL,NULL,'Yes','Yes','Yes','4','Yes','Yes','Yes','Yes',NULL,NULL,NULL,NULL,NULL,NULL,NULL,NULL,NULL),(10,NULL,NULL,NULL,NULL,NULL,NULL,NULL,NULL,NULL,NULL,NULL,NULL,NULL,NULL,'20230718103533645880',NULL,NULL,NULL,NULL,NULL,NULL,NULL,'Yes','Yes','Yes','4','Yes','Yes','Yes','Yes',NULL,NULL,NULL,NULL,NULL,NULL,NULL,NULL,NULL),(10,NULL,NULL,NULL,NULL,NULL,NULL,NULL,NULL,NULL,NULL,NULL,NULL,NULL,NULL,'20230718110804313988',NULL,NULL,NULL,NULL,NULL,NULL,NULL,'Yes','Yes','Yes','5','Yes','Yes','Yes','Yes',NULL,NULL,NULL,NULL,NULL,NULL,NULL,NULL,NULL),(10,NULL,NULL,NULL,NULL,NULL,NULL,NULL,NULL,NULL,NULL,NULL,NULL,NULL,NULL,'20230718110856195254',NULL,NULL,NULL,NULL,NULL,NULL,NULL,NULL,NULL,NULL,NULL,NULL,NULL,NULL,NULL,NULL,NULL,NULL,NULL,NULL,NULL,NULL,NULL,NULL),(10,NULL,NULL,NULL,NULL,NULL,NULL,NULL,NULL,NULL,NULL,NULL,NULL,NULL,NULL,'20230718111250176762',NULL,NULL,NULL,NULL,NULL,NULL,NULL,'Yes','Yes','Yes','5','Yes','Yes','Yes','Yes',NULL,NULL,NULL,NULL,NULL,NULL,NULL,NULL,NULL),(10,NULL,NULL,NULL,NULL,NULL,NULL,NULL,NULL,NULL,NULL,NULL,NULL,NULL,NULL,'20230718111357697314',NULL,NULL,NULL,NULL,NULL,NULL,NULL,'Yes','Yes','Yes','2','Yes','No',NULL,NULL,NULL,NULL,NULL,NULL,NULL,NULL,NULL,NULL,NULL),(10,NULL,NULL,NULL,NULL,NULL,NULL,NULL,NULL,NULL,NULL,NULL,NULL,NULL,NULL,'20230718111430833210',NULL,NULL,NULL,NULL,NULL,NULL,NULL,'Yes','Yes','Yes','2','Yes','No',NULL,NULL,NULL,NULL,NULL,NULL,NULL,NULL,NULL,NULL,NULL),(10,NULL,NULL,NULL,NULL,NULL,NULL,NULL,NULL,NULL,NULL,NULL,NULL,NULL,NULL,'20230718111938688168',NULL,NULL,NULL,NULL,NULL,NULL,NULL,'Yes','Yes','Yes','2','Yes','No',NULL,NULL,NULL,NULL,NULL,NULL,NULL,NULL,NULL,NULL,NULL),(13,NULL,NULL,NULL,NULL,NULL,NULL,NULL,NULL,NULL,NULL,NULL,NULL,NULL,NULL,'20230718112835457217',NULL,NULL,NULL,NULL,NULL,NULL,NULL,NULL,NULL,NULL,NULL,NULL,NULL,NULL,NULL,NULL,NULL,NULL,NULL,NULL,NULL,NULL,NULL,NULL),(13,NULL,NULL,NULL,NULL,NULL,NULL,NULL,NULL,NULL,NULL,NULL,NULL,NULL,NULL,'20230718113130310821',NULL,NULL,NULL,NULL,NULL,NULL,NULL,'Yes','Yes','Yes','2','Yes','No',NULL,NULL,NULL,NULL,NULL,NULL,NULL,NULL,NULL,NULL,NULL),(13,NULL,NULL,NULL,NULL,NULL,NULL,NULL,NULL,NULL,NULL,NULL,NULL,NULL,NULL,'20230718113255830376',NULL,NULL,NULL,NULL,NULL,NULL,NULL,NULL,NULL,NULL,NULL,NULL,NULL,NULL,NULL,NULL,NULL,NULL,NULL,NULL,NULL,NULL,NULL,NULL),(14,NULL,NULL,NULL,NULL,NULL,NULL,NULL,NULL,NULL,NULL,NULL,NULL,NULL,NULL,'20230718113336565134',NULL,NULL,NULL,NULL,NULL,NULL,NULL,NULL,NULL,NULL,NULL,NULL,NULL,NULL,NULL,NULL,NULL,NULL,NULL,NULL,NULL,NULL,NULL,NULL),(14,NULL,NULL,NULL,NULL,NULL,NULL,NULL,NULL,NULL,NULL,NULL,NULL,NULL,NULL,'20230718113341258070',NULL,NULL,NULL,NULL,NULL,NULL,NULL,'Yes','No','No','2','Yes','Yes','No','No','2000','6000','12',NULL,NULL,NULL,NULL,NULL,NULL),(22,NULL,NULL,NULL,NULL,NULL,NULL,NULL,NULL,NULL,NULL,NULL,NULL,NULL,NULL,'20230718115433240655',NULL,NULL,NULL,NULL,NULL,NULL,NULL,'Yes','Yes','No','4','Yes','No',NULL,NULL,NULL,NULL,NULL,NULL,NULL,NULL,NULL,NULL,NULL),(21,'amit',NULL,'sharma','samit.sdei@gmail.com','7355454120','mohali india','14502','140301','mohali','punjab','1995-10-10','12345','Male','No','20230718120907308943','Rajan','kumar','mohali','mohali','140301','mohali','punjab','Yes','Yes','No','2','Yes','Yes','Yes','Yes','2000','5000','15','20','200','120','10','10',NULL),(21,NULL,NULL,NULL,NULL,NULL,NULL,NULL,NULL,NULL,NULL,NULL,NULL,NULL,NULL,'20230718125706771107',NULL,NULL,NULL,NULL,NULL,NULL,NULL,NULL,NULL,NULL,NULL,NULL,NULL,NULL,NULL,NULL,NULL,NULL,NULL,NULL,NULL,NULL,NULL,NULL),(10,NULL,NULL,NULL,NULL,NULL,NULL,NULL,NULL,NULL,NULL,NULL,NULL,NULL,NULL,'20230719040715456333',NULL,NULL,NULL,NULL,NULL,NULL,NULL,'Yes','Yes','Yes','2','Yes','Yes','Yes','Yes',NULL,NULL,NULL,NULL,NULL,NULL,NULL,NULL,NULL),(10,NULL,NULL,NULL,NULL,NULL,NULL,NULL,NULL,NULL,NULL,NULL,NULL,NULL,NULL,'20230719042422487012',NULL,NULL,NULL,NULL,NULL,NULL,NULL,'Yes',NULL,NULL,NULL,NULL,NULL,NULL,NULL,NULL,NULL,NULL,NULL,NULL,NULL,NULL,NULL,NULL),(21,NULL,NULL,NULL,NULL,NULL,NULL,NULL,NULL,NULL,NULL,NULL,NULL,NULL,NULL,'20230719043536138371',NULL,NULL,NULL,NULL,NULL,NULL,NULL,NULL,NULL,NULL,NULL,NULL,NULL,NULL,NULL,NULL,NULL,NULL,NULL,NULL,NULL,NULL,NULL,NULL);

--
-- Table structure for table `question_answer`
--

CREATE TABLE `question_answer` (
  `ans_id` int NOT NULL AUTO_INCREMENT,
  `questions_id` int NOT NULL,
  `create_date` date NOT NULL,
  `active_status` int DEFAULT NULL,
  `update_date` date DEFAULT NULL,
  `delete_date` date DEFAULT NULL,
  `is_delete` int NOT NULL,
  `ans_value` varchar(200) DEFAULT NULL,
  PRIMARY KEY (`ans_id`),
  KEY `fk_question_answer_1_idx` (`questions_id`),
  CONSTRAINT `fk_question_answer_1` FOREIGN KEY (`questions_id`) REFERENCES `questions` (`question_id`)
) ENGINE=InnoDB AUTO_INCREMENT=25 DEFAULT CHARSET=utf8mb4 COLLATE=utf8mb4_0900_ai_ci;

--
-- Dumping data for table `question_answer`
--

INSERT INTO `question_answer` VALUES (1,137,'2023-07-17',1,NULL,NULL,0,'Graduation'),(2,137,'2023-07-17',1,NULL,NULL,0,'Masters'),(3,137,'2023-07-17',1,NULL,NULL,0,'Doctrate'),(4,138,'2023-07-17',1,NULL,NULL,0,'Graduación'),(5,138,'2023-07-17',1,NULL,NULL,0,'Maestros'),(6,138,'2023-07-17',1,NULL,NULL,0,'Doctorado'),(7,143,'2023-07-17',1,NULL,NULL,0,'1'),(8,143,'2023-07-17',1,NULL,NULL,0,'2'),(9,143,'2023-07-17',1,NULL,NULL,0,'3'),(10,143,'2023-07-17',1,NULL,NULL,0,'4'),(11,143,'2023-07-17',1,NULL,NULL,0,'5'),(12,144,'2023-07-17',1,NULL,NULL,0,'My name is John\n\nMi nombre es John.'),(13,144,'2023-07-17',1,NULL,NULL,0,'My name is John\n\nMi nombre es John.'),(14,144,'2023-07-17',1,NULL,NULL,0,'I love you\n\nTe amo'),(15,144,'2023-07-17',1,NULL,NULL,0,'I need help.\n\nNecesito ayuda.'),(16,144,'2023-07-17',1,NULL,NULL,0,'I need help\n\nNecesito ayuda'),(17,149,'2023-07-18',1,NULL,NULL,0,'Yes'),(18,149,'2023-07-18',1,NULL,NULL,0,'No'),(19,150,'2023-07-18',1,NULL,NULL,0,'Sí'),(20,150,'2023-07-18',1,NULL,NULL,0,'No'),(21,153,'2023-07-18',1,NULL,NULL,0,'Male'),(22,153,'2023-07-18',1,NULL,NULL,0,'Female'),(23,154,'2023-07-18',1,NULL,NULL,0,'Masculino'),(24,154,'2023-07-18',1,NULL,NULL,0,'Mujer');

--
-- Table structure for table `questions`
--

CREATE TABLE `questions` (
  `question_id` int NOT NULL AUTO_INCREMENT,
  `form_id` int NOT NULL,
  `question_relation_id` int DEFAULT NULL,
  `question_lang` varchar(50) NOT NULL,
  `question_value` varchar(200) CHARACTER SET utf8mb4 COLLATE utf8mb4_0900_ai_ci DEFAULT NULL,
  `create_date` date NOT NULL,
  `active_status` int NOT NULL,
  `update_date` date DEFAULT NULL,
  `delete_date` date DEFAULT NULL,
  `question_type` varchar(100) NOT NULL,
  `is_delete` int NOT NULL,
  PRIMARY KEY (`question_id`),
  KEY `fk_form_question` (`form_id`),
  CONSTRAINT `fk_form_question` FOREIGN KEY (`form_id`) REFERENCES `forms` (`form_id`) ON DELETE RESTRICT ON UPDATE RESTRICT
) ENGINE=InnoDB AUTO_INCREMENT=155 DEFAULT CHARSET=utf8mb4 COLLATE=utf8mb4_0900_ai_ci;

--
-- Dumping data for table `questions`
--

INSERT INTO `questions` VALUES (131,44,NULL,'en-US','What is your first name','2023-07-17',1,'2023-07-17',NULL,'ST',0),(132,44,131,'es-US','¿Cuál es tu primer nombre?','2023-07-17',1,NULL,NULL,'ST',0),(133,44,NULL,'en-US','What is your last name','2023-07-17',1,NULL,NULL,'ST',0),(134,44,133,'es-US','¿Cuál es tu apellido?','2023-07-17',1,NULL,NULL,'ST',0),(135,44,NULL,'en-US','What is your age','2023-07-17',1,NULL,NULL,'ST',0),(136,44,135,'es-US','¿Cuál es tu edad?','2023-07-17',1,NULL,NULL,'ST',0),(137,44,NULL,'en-US','What is your highest Qualification','2023-07-17',1,NULL,NULL,'MCSA',0),(138,44,137,'es-US','¿Cuál es tu mayor calificación?','2023-07-17',1,NULL,NULL,'MCSA',0),(139,45,NULL,'en-US','What is your first name','2023-07-17',1,NULL,NULL,'ST',0),(140,45,139,'es-US','¿Cuál es tu primer nombre?','2023-07-17',1,NULL,NULL,'ST',0),(141,45,NULL,'en-US','What is your last name','2023-07-17',1,NULL,NULL,'ST',0),(142,45,141,'es-US','¿Cuál es tu apellido?','2023-07-17',1,NULL,NULL,'ST',0),(143,45,NULL,'en-US','How you rate me out of 5','2023-07-17',1,NULL,NULL,'MCSA',0),(144,45,143,'es-US','¿Cómo me calificas de 5?','2023-07-17',1,NULL,NULL,'MCSA',0),(145,46,NULL,'en-US','What is your name ?','2023-07-18',1,NULL,NULL,'ST',0),(146,46,145,'es-US','¿Cuál es tu nombre??','2023-07-18',1,'2023-07-18',NULL,'ST',0),(147,46,NULL,'en-US','What is your age ?','2023-07-18',1,NULL,NULL,'ST',0),(148,46,147,'es-US','¿Cuál es tu edad?','2023-07-18',1,NULL,NULL,'ST',0),(149,46,NULL,'en-US','Are you working ?','2023-07-18',1,NULL,NULL,'MCSA',0),(150,46,149,'es-US','¿Estás trabajando?','2023-07-18',1,NULL,NULL,'MCSA',0),(151,46,NULL,'en-US','What is your monthly income ?','2023-07-18',1,NULL,NULL,'ST',0),(152,46,151,'es-US','¿Cuál es tu ingreso mensual?','2023-07-18',1,NULL,NULL,'ST',0),(153,47,NULL,'en-US','What is your gender ?','2023-07-18',1,NULL,NULL,'MCSA',0),(154,47,153,'es-US','¿Cuál es tu género?','2023-07-18',1,NULL,NULL,'MCSA',0);

--
-- Table structure for table `user_response`
--

CREATE TABLE `user_response` (
  `response_id` int NOT NULL AUTO_INCREMENT,
  `question_id` int NOT NULL,
  `response_date` date NOT NULL,
  `response_value` char(200) NOT NULL,
  `response_current_status` int NOT NULL,
  `created_date` date NOT NULL,
  `update_date` date DEFAULT NULL,
  `delete_date` date DEFAULT NULL,
  `patient_id` int NOT NULL,
  `session_id` varchar(50) NOT NULL,
  `form_id` int NOT NULL,
  PRIMARY KEY (`response_id`),
  KEY `fk2` (`question_id`),
  KEY `fk3_idx` (`patient_id`),
  KEY `fk_form_idx` (`form_id`),
  CONSTRAINT `fk_chat_id` FOREIGN KEY (`patient_id`) REFERENCES `chatbot_info` (`chat_id`) ON DELETE RESTRICT ON UPDATE RESTRICT,
  CONSTRAINT `fk_question ` FOREIGN KEY (`question_id`) REFERENCES `questions` (`question_id`)
) ENGINE=InnoDB AUTO_INCREMENT=200 DEFAULT CHARSET=utf8mb4 COLLATE=utf8mb4_0900_ai_ci;

--
-- Dumping data for table `user_response`
--

INSERT INTO `user_response` VALUES (20,139,'2023-07-17','amit',0,'2023-07-17',NULL,NULL,21,'20230717130716972540',45),(21,141,'2023-07-17','sharma',0,'2023-07-17',NULL,NULL,21,'20230717130716972540',45),(22,143,'2023-07-17','4',0,'2023-07-17',NULL,NULL,21,'20230717130716972540',45),(23,131,'2023-07-17','amit',0,'2023-07-17',NULL,NULL,21,'20230717130736304892',44),(24,131,'2023-07-17','amit',0,'2023-07-17',NULL,NULL,21,'20230717130832257667',44),(25,133,'2023-07-17','sharma',0,'2023-07-17',NULL,NULL,21,'20230717130832257667',44),(26,135,'2023-07-17','34',0,'2023-07-17',NULL,NULL,21,'20230717130832257667',44),(27,137,'2023-07-17','Graduation',0,'2023-07-17',NULL,NULL,21,'20230717130832257667',44),(28,131,'2023-07-17','amit',0,'2023-07-17',NULL,NULL,21,'20230717131933247052',44),(29,133,'2023-07-17','sharma',0,'2023-07-17',NULL,NULL,21,'20230717131933247052',44),(30,135,'2023-07-17','34',0,'2023-07-17',NULL,NULL,21,'20230717131933247052',44),(31,139,'2023-07-17','kartik',0,'2023-07-17',NULL,NULL,14,'20230717132000362735',45),(32,137,'2023-07-17','Graduation',0,'2023-07-17',NULL,NULL,21,'20230717131933247052',44),(33,141,'2023-07-17','Prashar',0,'2023-07-17',NULL,NULL,14,'20230717132000362735',45),(34,143,'2023-07-17','3',0,'2023-07-17',NULL,NULL,14,'20230717132000362735',45),(35,131,'2023-07-17','kartik',0,'2023-07-17',NULL,NULL,14,'20230717154936061662',44),(36,131,'2023-07-17','Simon',0,'2023-07-17',NULL,NULL,10,'20230717161048846679',44),(37,133,'2023-07-17','Jones',0,'2023-07-17',NULL,NULL,10,'20230717161048846679',44),(38,135,'2023-07-17','23',0,'2023-07-17',NULL,NULL,10,'20230717161048846679',44),(39,137,'2023-07-17','Graduation',0,'2023-07-17',NULL,NULL,10,'20230717161048846679',44),(40,131,'2023-07-17','Sam',0,'2023-07-17',NULL,NULL,10,'20230717170114383724',44),(41,131,'2023-07-17','amit',0,'2023-07-17',NULL,NULL,13,'20230717170319833155',44),(42,133,'2023-07-17','sharma',0,'2023-07-17',NULL,NULL,13,'20230717170319833155',44),(43,133,'2023-07-17','Harris',0,'2023-07-17',NULL,NULL,10,'20230717170114383724',44),(44,135,'2023-07-17','34',0,'2023-07-17',NULL,NULL,13,'20230717170319833155',44),(45,135,'2023-07-17','22',0,'2023-07-17',NULL,NULL,10,'20230717170114383724',44),(46,137,'2023-07-17','Graduation',0,'2023-07-17',NULL,NULL,13,'20230717170319833155',44),(47,131,'2023-07-18','Kartik',0,'2023-07-18',NULL,NULL,14,'20230718041054882860',44),(48,133,'2023-07-18','Prashar',0,'2023-07-18',NULL,NULL,14,'20230718041054882860',44),(49,135,'2023-07-18','23',0,'2023-07-18',NULL,NULL,14,'20230718041054882860',44),(50,137,'2023-07-18','Graduation',0,'2023-07-18',NULL,NULL,14,'20230718041054882860',44),(51,139,'2023-07-18','Kartik',0,'2023-07-18',NULL,NULL,14,'20230718041156239939',45),(52,141,'2023-07-18','Prashar',0,'2023-07-18',NULL,NULL,14,'20230718041156239939',45),(53,143,'2023-07-18','5',0,'2023-07-18',NULL,NULL,14,'20230718041156239939',45),(54,139,'2023-07-18','amit',0,'2023-07-18',NULL,NULL,13,'20230718041720128543',45),(55,141,'2023-07-18','sharma',0,'2023-07-18',NULL,NULL,13,'20230718041720128543',45),(56,143,'2023-07-18','2',0,'2023-07-18',NULL,NULL,13,'20230718041720128543',45),(57,131,'2023-07-18','Sid',0,'2023-07-18',NULL,NULL,10,'20230718053032877680',44),(58,133,'2023-07-18','Motghare',0,'2023-07-18',NULL,NULL,10,'20230718053032877680',44),(59,135,'2023-07-18','23',0,'2023-07-18',NULL,NULL,10,'20230718053032877680',44),(60,137,'2023-07-18','Masters',0,'2023-07-18',NULL,NULL,10,'20230718053032877680',44),(61,131,'2023-07-18','Sidhant',0,'2023-07-18',NULL,NULL,10,'20230718053237336858',44),(62,133,'2023-07-18','Motghare',0,'2023-07-18',NULL,NULL,10,'20230718053237336858',44),(63,135,'2023-07-18','23',0,'2023-07-18',NULL,NULL,10,'20230718053237336858',44),(64,137,'2023-07-18','Graduation',0,'2023-07-18',NULL,NULL,10,'20230718053237336858',44),(65,145,'2023-07-18','amit sharma',0,'2023-07-18',NULL,NULL,13,'20230718054047579497',46),(66,147,'2023-07-18','34',0,'2023-07-18',NULL,NULL,13,'20230718054047579497',46),(67,149,'2023-07-18','Yes',0,'2023-07-18',NULL,NULL,13,'20230718054047579497',46),(68,151,'2023-07-18','15000',0,'2023-07-18',NULL,NULL,13,'20230718054047579497',46),(69,131,'2023-07-18','Sidhant',0,'2023-07-18',NULL,NULL,10,'20230718073506378435',44),(70,133,'2023-07-18','Motghare',0,'2023-07-18',NULL,NULL,10,'20230718073506378435',44),(71,135,'2023-07-18','76',0,'2023-07-18',NULL,NULL,10,'20230718073506378435',44),(72,137,'2023-07-18','Graduation',0,'2023-07-18',NULL,NULL,10,'20230718073506378435',44),(73,139,'2023-07-18','Sidhant',0,'2023-07-18',NULL,NULL,10,'20230718081203838028',45),(74,131,'2023-07-18','amit',0,'2023-07-18',NULL,NULL,13,'20230718082100810921',44),(75,133,'2023-07-18','sharma',0,'2023-07-18',NULL,NULL,13,'20230718082100810921',44),(76,135,'2023-07-18','34',0,'2023-07-18',NULL,NULL,13,'20230718082100810921',44),(77,137,'2023-07-18','Graduation',0,'2023-07-18',NULL,NULL,13,'20230718082100810921',44),(78,131,'2023-07-18','amit',0,'2023-07-18',NULL,NULL,13,'20230718082302949167',44),(79,133,'2023-07-18','sharma',0,'2023-07-18',NULL,NULL,13,'20230718082302949167',44),(80,135,'2023-07-18','34',0,'2023-07-18',NULL,NULL,13,'20230718082302949167',44),(81,137,'2023-07-18','Graduation',0,'2023-07-18',NULL,NULL,13,'20230718082302949167',44),(82,131,'2023-07-18','Sidhant',0,'2023-07-18',NULL,NULL,10,'20230718082645314334',44),(83,133,'2023-07-18','Motghare',0,'2023-07-18',NULL,NULL,10,'20230718082645314334',44),(84,135,'2023-07-18','23',0,'2023-07-18',NULL,NULL,10,'20230718082645314334',44),(85,137,'2023-07-18','Graduation',0,'2023-07-18',NULL,NULL,10,'20230718082645314334',44),(86,131,'2023-07-18','Sidhant',0,'2023-07-18',NULL,NULL,10,'20230718083108895604',44),(87,133,'2023-07-18','Motghare',0,'2023-07-18',NULL,NULL,10,'20230718083108895604',44),(88,135,'2023-07-18','21',0,'2023-07-18',NULL,NULL,10,'20230718083108895604',44),(89,137,'2023-07-18','Graduation',0,'2023-07-18',NULL,NULL,10,'20230718083108895604',44),(90,131,'2023-07-18','sidhant',0,'2023-07-18',NULL,NULL,10,'20230718083524009597',44),(91,133,'2023-07-18','motghare',0,'2023-07-18',NULL,NULL,10,'20230718083524009597',44),(92,135,'2023-07-18','22',0,'2023-07-18',NULL,NULL,10,'20230718083524009597',44),(93,137,'2023-07-18','Graduation',0,'2023-07-18',NULL,NULL,10,'20230718083524009597',44),(94,131,'2023-07-18','sidhant',0,'2023-07-18',NULL,NULL,10,'20230718083617404692',44),(95,133,'2023-07-18','motghare',0,'2023-07-18',NULL,NULL,10,'20230718083617404692',44),(96,135,'2023-07-18','22',0,'2023-07-18',NULL,NULL,10,'20230718083617404692',44),(97,137,'2023-07-18','Graduation',0,'2023-07-18',NULL,NULL,10,'20230718083617404692',44),(98,131,'2023-07-18','sidhant',0,'2023-07-18',NULL,NULL,10,'20230718083916223146',44),(99,133,'2023-07-18','motghare',0,'2023-07-18',NULL,NULL,10,'20230718083916223146',44),(100,135,'2023-07-18','30',0,'2023-07-18',NULL,NULL,10,'20230718083916223146',44),(101,137,'2023-07-18','Graduation',0,'2023-07-18',NULL,NULL,10,'20230718083916223146',44),(102,131,'2023-07-18','Sidhant',0,'2023-07-18',NULL,NULL,10,'20230718084000214301',44),(103,133,'2023-07-18','Motghare',0,'2023-07-18',NULL,NULL,10,'20230718084000214301',44),(104,131,'2023-07-18','sidhant',0,'2023-07-18',NULL,NULL,10,'20230718084000214301',44),(105,133,'2023-07-18','Motghare',0,'2023-07-18',NULL,NULL,10,'20230718084000214301',44),(106,135,'2023-07-18','22',0,'2023-07-18',NULL,NULL,10,'20230718084000214301',44),(107,137,'2023-07-18','Graduation',0,'2023-07-18',NULL,NULL,10,'20230718084000214301',44),(108,131,'2023-07-18','sidhant',0,'2023-07-18',NULL,NULL,10,'20230718084621172853',44),(109,133,'2023-07-18','motghare',0,'2023-07-18',NULL,NULL,10,'20230718084621172853',44),(110,135,'2023-07-18','23',0,'2023-07-18',NULL,NULL,10,'20230718084621172853',44),(111,137,'2023-07-18','Graduation',0,'2023-07-18',NULL,NULL,10,'20230718084621172853',44),(112,145,'2023-07-18','Sidhant',0,'2023-07-18',NULL,NULL,10,'20230718084746006012',46),(113,147,'2023-07-18','22',0,'2023-07-18',NULL,NULL,10,'20230718084746006012',46),(114,149,'2023-07-18','Yes',0,'2023-07-18',NULL,NULL,10,'20230718084746006012',46),(115,151,'2023-07-18','200000',0,'2023-07-18',NULL,NULL,10,'20230718084746006012',46),(116,145,'2023-07-18','Sidhant',0,'2023-07-18',NULL,NULL,10,'20230718084852213537',46),(117,147,'2023-07-18','22',0,'2023-07-18',NULL,NULL,10,'20230718084852213537',46),(118,149,'2023-07-18','Yes',0,'2023-07-18',NULL,NULL,10,'20230718084852213537',46),(119,151,'2023-07-18','120000',0,'2023-07-18',NULL,NULL,10,'20230718084852213537',46),(120,131,'2023-07-18','Sidhant',0,'2023-07-18',NULL,NULL,10,'20230718084957559425',44),(121,133,'2023-07-18','motghare',0,'2023-07-18',NULL,NULL,10,'20230718084957559425',44),(122,135,'2023-07-18','22',0,'2023-07-18',NULL,NULL,10,'20230718084957559425',44),(123,137,'2023-07-18','Graduation',0,'2023-07-18',NULL,NULL,10,'20230718084957559425',44),(124,139,'2023-07-18','Sidhant',0,'2023-07-18',NULL,NULL,10,'20230718085203558264',45),(125,141,'2023-07-18','Motghare',0,'2023-07-18',NULL,NULL,10,'20230718085203558264',45),(126,143,'2023-07-18','4',0,'2023-07-18',NULL,NULL,10,'20230718085203558264',45),(127,131,'2023-07-18','Sidhant',0,'2023-07-18',NULL,NULL,10,'20230718090940596602',44),(128,133,'2023-07-18','Motghare',0,'2023-07-18',NULL,NULL,10,'20230718090940596602',44),(129,135,'2023-07-18','22',0,'2023-07-18',NULL,NULL,10,'20230718090940596602',44),(130,137,'2023-07-18','Graduation',0,'2023-07-18',NULL,NULL,10,'20230718090940596602',44),(131,131,'2023-07-18','Sidhant',0,'2023-07-18',NULL,NULL,10,'20230718090940596602',44),(132,133,'2023-07-18','motghare',0,'2023-07-18',NULL,NULL,10,'20230718090940596602',44),(133,135,'2023-07-18','77',0,'2023-07-18',NULL,NULL,10,'20230718090940596602',44),(134,137,'2023-07-18','Graduation',0,'2023-07-18',NULL,NULL,10,'20230718090940596602',44),(135,139,'2023-07-18','Sidhant',0,'2023-07-18',NULL,NULL,10,'20230718091306363041',45),(136,141,'2023-07-18','Motghare',0,'2023-07-18',NULL,NULL,10,'20230718091306363041',45),(137,143,'2023-07-18','3',0,'2023-07-18',NULL,NULL,10,'20230718091306363041',45),(138,131,'2023-07-18','Sidhant',0,'2023-07-18',NULL,NULL,10,'20230718091429902699',44),(139,133,'2023-07-18','Motghare',0,'2023-07-18',NULL,NULL,10,'20230718091429902699',44),(140,135,'2023-07-18','55',0,'2023-07-18',NULL,NULL,10,'20230718091429902699',44),(141,137,'2023-07-18','Graduation',0,'2023-07-18',NULL,NULL,10,'20230718091429902699',44),(142,131,'2023-07-18','Sidhant',0,'2023-07-18',NULL,NULL,10,'20230718094337835627',44),(143,133,'2023-07-18','Motghare',0,'2023-07-18',NULL,NULL,10,'20230718094337835627',44),(144,135,'2023-07-18','77',0,'2023-07-18',NULL,NULL,10,'20230718094337835627',44),(145,137,'2023-07-18','Graduation',0,'2023-07-18',NULL,NULL,10,'20230718094337835627',44),(146,139,'2023-07-18','Sidhant',0,'2023-07-18',NULL,NULL,10,'20230718094759980558',45),(147,141,'2023-07-18','Motghare',0,'2023-07-18',NULL,NULL,10,'20230718094759980558',45),(148,143,'2023-07-18','4',0,'2023-07-18',NULL,NULL,10,'20230718094759980558',45),(149,131,'2023-07-18','Sidhant',0,'2023-07-18',NULL,NULL,10,'20230718094911569870',44),(150,133,'2023-07-18','Motghare',0,'2023-07-18',NULL,NULL,10,'20230718094911569870',44),(151,135,'2023-07-18','22',0,'2023-07-18',NULL,NULL,10,'20230718094911569870',44),(152,137,'2023-07-18','Graduation',0,'2023-07-18',NULL,NULL,10,'20230718094911569870',44),(153,132,'2023-07-18','amit',0,'2023-07-18',NULL,NULL,13,'20230718100329201389',44),(154,131,'2023-07-18','Angel',0,'2023-07-18',NULL,NULL,13,'20230718101801488735',44),(155,133,'2023-07-18','Sharma',0,'2023-07-18',NULL,NULL,13,'20230718101801488735',44),(156,139,'2023-07-18','Sidhant',0,'2023-07-18',NULL,NULL,10,'20230718101826696242',45),(157,135,'2023-07-18','34',0,'2023-07-18',NULL,NULL,13,'20230718101801488735',44),(158,141,'2023-07-18','Motghare',0,'2023-07-18',NULL,NULL,10,'20230718101826696242',45),(159,143,'2023-07-18','4',0,'2023-07-18',NULL,NULL,10,'20230718101826696242',45),(160,137,'2023-07-18','Masters',0,'2023-07-18',NULL,NULL,13,'20230718101801488735',44),(161,139,'2023-07-18','Sidhant',0,'2023-07-18',NULL,NULL,10,'20230718101919724162',45),(162,141,'2023-07-18','Motghare',0,'2023-07-18',NULL,NULL,10,'20230718101919724162',45),(163,143,'2023-07-18','4',0,'2023-07-18',NULL,NULL,10,'20230718101919724162',45),(164,139,'2023-07-18','Sidhant',0,'2023-07-18',NULL,NULL,10,'20230718102050867524',45),(165,141,'2023-07-18','Motghare',0,'2023-07-18',NULL,NULL,10,'20230718102050867524',45),(166,143,'2023-07-18','4',0,'2023-07-18',NULL,NULL,10,'20230718102050867524',45),(167,139,'2023-07-18','Sidhant',0,'2023-07-18',NULL,NULL,10,'20230718102301580939',45),(168,141,'2023-07-18','Motghare',0,'2023-07-18',NULL,NULL,10,'20230718102301580939',45),(169,143,'2023-07-18','4',0,'2023-07-18',NULL,NULL,10,'20230718102301580939',45),(170,131,'2023-07-18','Sidhant',0,'2023-07-18',NULL,NULL,10,'20230718102521989903',44),(171,133,'2023-07-18','Motghare',0,'2023-07-18',NULL,NULL,10,'20230718102521989903',44),(172,135,'2023-07-18','33',0,'2023-07-18',NULL,NULL,10,'20230718102521989903',44),(173,137,'2023-07-18','Graduation',0,'2023-07-18',NULL,NULL,10,'20230718102521989903',44),(174,145,'2023-07-18','sidhant',0,'2023-07-18',NULL,NULL,10,'20230718103109628160',46),(175,147,'2023-07-18','22',0,'2023-07-18',NULL,NULL,10,'20230718103109628160',46),(176,139,'2023-07-18','sidhant',0,'2023-07-18',NULL,NULL,10,'20230718110830462162',45),(177,141,'2023-07-18','motghare',0,'2023-07-18',NULL,NULL,10,'20230718110830462162',45),(178,143,'2023-07-18','4',0,'2023-07-18',NULL,NULL,10,'20230718110830462162',45),(179,139,'2023-07-18','sidhant',0,'2023-07-18',NULL,NULL,10,'20230718111501701533',45),(180,141,'2023-07-18','Motghare',0,'2023-07-18',NULL,NULL,10,'20230718111501701533',45),(181,143,'2023-07-18','4',0,'2023-07-18',NULL,NULL,10,'20230718111501701533',45),(182,139,'2023-07-18','Sidhant',0,'2023-07-18',NULL,NULL,10,'20230718111958242275',45),(183,141,'2023-07-18','motghare',0,'2023-07-18',NULL,NULL,10,'20230718111958242275',45),(184,143,'2023-07-18','4',0,'2023-07-18',NULL,NULL,10,'20230718111958242275',45),(185,139,'2023-07-18','tushar',0,'2023-07-18',NULL,NULL,22,'20230718115450808574',45),(186,141,'2023-07-18','Sharma',0,'2023-07-18',NULL,NULL,22,'20230718115450808574',45),(187,143,'2023-07-18','5',0,'2023-07-18',NULL,NULL,22,'20230718115450808574',45),(188,139,'2023-07-19','Sidhant',0,'2023-07-19',NULL,NULL,10,'20230719040759659271',45),(189,141,'2023-07-19','Motghare',0,'2023-07-19',NULL,NULL,10,'20230719040759659271',45),(190,143,'2023-07-19','5',0,'2023-07-19',NULL,NULL,10,'20230719040759659271',45),(191,131,'2023-07-19','Sidhant',0,'2023-07-19',NULL,NULL,10,'20230719041222652724',44),(192,133,'2023-07-19','Motghare',0,'2023-07-19',NULL,NULL,10,'20230719041222652724',44),(193,135,'2023-07-19','78',0,'2023-07-19',NULL,NULL,10,'20230719041222652724',44),(194,137,'2023-07-19','Graduation',0,'2023-07-19',NULL,NULL,10,'20230719041222652724',44),(195,131,'2023-07-19','Sidhant',0,'2023-07-19',NULL,NULL,10,'20230719042334685377',44),(196,131,'2023-07-19','Sidhant',0,'2023-07-19',NULL,NULL,10,'20230719042346111820',44),(197,133,'2023-07-19','Motghare',0,'2023-07-19',NULL,NULL,10,'20230719042346111820',44),(198,135,'2023-07-19','23',0,'2023-07-19',NULL,NULL,10,'20230719042346111820',44),(199,137,'2023-07-19','Graduation',0,'2023-07-19',NULL,NULL,10,'20230719042346111820',44);


